91953777?
3, 53, 6238703
List the prime factors of 492109714.
2, 163, 673, 2243
What are the prime factors of 55792242?
2, 3, 11, 43, 6553
What are the prime factors of 132085604?
2, 7, 29, 47, 3461
What are the prime factors of 52351198?
2, 26175599
List the prime factors of 15762724.
2, 311, 12671
List the prime factors of 433268000.
2, 5, 11, 43, 229
What are the prime factors of 396043187?
23, 2281, 7549
List the prime factors of 284381888.
2, 7, 29, 53, 59
What are the prime factors of 108625576?
2, 13578197
What are the prime factors of 146272029?
3, 17, 661, 4339
List the prime factors of 2601883797.
3, 107, 8105557
What are the prime factors of 4325895044?
2, 101, 10707661
List the prime factors of 3672405000.
2, 3, 5, 11, 2473
What are the prime factors of 794028864?
2, 3, 4135567
What are the prime factors of 207174390?
2, 3, 5, 683, 10111
List the prime factors of 22935841.
22935841
What are the prime factors of 918063163?
13577, 67619
What are the prime factors of 38993893?
29, 37, 36341
List the prime factors of 31511379.
3, 10503793
List the prime factors of 200267874.
2, 3, 31, 358903
List the prime factors of 500670131.
13, 173, 222619
What are the prime factors of 78401655?
3, 5, 271, 2143
What are the prime factors of 140699544?
2, 3, 479, 12239
List the prime factors of 561771294.
2, 3, 7, 13375507
List the prime factors of 4716467675.
5, 17, 11097571
What are the prime factors of 43106830?
2, 5, 13, 23, 1109
List the prime factors of 49032026.
2, 137, 149, 1201
List the prime factors of 20827142.
2, 7, 17, 87509
What are the prime factors of 2148637742?
2, 1074318871
List the prime factors of 754821989.
227, 239, 13913
What are the prime factors of 88643247?
3, 7, 11, 137, 2801
List the prime factors of 235844768.
2, 307, 24007
List the prime factors of 27878769.
3, 61, 16927
List the prime factors of 63837735.
3, 5, 13, 269, 1217
What are the prime factors of 144694025?
5, 7, 19, 43517
List the prime factors of 67701634.
2, 7, 11, 13, 4831
List the prime factors of 1635811014.
2, 3, 23, 61, 194323
List the prime factors of 4207613679.
3, 17, 27500743
List the prime factors of 6297506.
2, 211, 14923
List the prime factors of 267203273.
41, 1567, 4159
What are the prime factors of 68785700?
2, 5, 19, 41, 883
List the prime factors of 113412730.
2, 5, 11341273
List the prime factors of 1857446387.
1857446387
What are the prime factors of 5217530?
2, 5, 521753
What are the prime factors of 3665767312?
2, 419, 463, 1181
What are the prime factors of 252096782?
2, 7, 41, 199, 2207
List the prime factors of 176573326.
2, 107, 825109
List the prime factors of 973448558.
2, 486724279
List the prime factors of 12600555.
3, 5, 11, 76367
List the prime factors of 2868242025.
3, 5, 11, 23, 71, 2129
List the prime factors of 35468481.
3, 383, 30869
List the prime factors of 55158391.
1123, 49117
List the prime factors of 29375070.
2, 3, 5, 577, 1697
What are the prime factors of 174255465?
3, 5, 11617031
List the prime factors of 307649672.
2, 11, 19, 37, 4973
What are the prime factors of 280237147?
103, 109, 229
List the prime factors of 3732640724.
2, 933160181
List the prime factors of 168425953.
17, 1181, 8389
List the prime factors of 193686306.
2, 3, 11, 2934641
List the prime factors of 18748398.
2, 3, 41, 76213
What are the prime factors of 3350037999?
3, 7, 11, 14502329
What are the prime factors of 1488191003?
13, 114476231
List the prime factors of 20829184.
2, 20341
What are the prime factors of 533554322?
2, 7, 23, 1657001
What are the prime factors of 45540446?
2, 7, 479, 6791
List the prime factors of 1363059927.
3, 50483701
List the prime factors of 311568837.
3, 29, 3581251
List the prime factors of 41758554.
2, 3, 67, 109, 953
List the prime factors of 2004229347.
3, 668076449
What are the prime factors of 512405274?
2, 3, 197, 433507
List the prime factors of 1106580571.
37, 79, 347, 1091
What are the prime factors of 88047581?
67, 1314143
What are the prime factors of 67556042?
2, 311, 313, 347
List the prime factors of 33502276.
2, 8375569
What are the prime factors of 5628263361?
3, 7, 268012541
What are the prime factors of 1765172670?
2, 3, 5, 4421, 13309
What are the prime factors of 29198774?
2, 11, 1327217
What are the prime factors of 122765443?
89, 1379387
List the prime factors of 622587270.
2, 3, 5, 271, 76579
List the prime factors of 15532119.
3, 37, 46643
What are the prime factors of 71240238?
2, 3, 1013, 3907
What are the prime factors of 826922052?
2, 3, 11, 59, 35393
List the prime factors of 5156542907.
36599, 140893
What are the prime factors of 1340369823?
3, 13, 1321, 26017
What are the prime factors of 1119699575?
5, 43, 131, 7951
List the prime factors of 50503910.
2, 5, 79, 63929
What are the prime factors of 3562133551?
53, 67210067
What are the prime factors of 29415039?
3, 2833, 3461
What are the prime factors of 364635482?
2, 17, 149, 167, 431
List the prime factors of 33117740.
2, 5, 43, 97, 397
List the prime factors of 3674738513.
17, 2687, 80447
List the prime factors of 237160845.
3, 5, 1756747
List the prime factors of 179348227.
23, 41, 43, 4423
List the prime factors of 155383879.
7, 22197697
List the prime factors of 153987850.
2, 5, 31, 99347
What are the prime factors of 13605278?
2, 47, 144737
List the prime factors of 452035429.
977, 462677
What are the prime factors of 114079770?
2, 3, 5, 7, 23, 7873
What are the prime factors of 421148971?
53, 2467, 3221
List the prime factors of 779972684.
2, 41, 59, 149, 541
What are the prime factors of 61141943?
19, 3217997
List the prime factors of 441132570.
2, 3, 5, 4901473
What are the prime factors of 2311995751?
13, 79, 2251213
List the prime factors of 80355166.
2, 79, 508577
List the prime factors of 5945058393.
3, 929, 1031, 2069
What are the prime factors of 277171193?
13, 41, 520021
What are the prime factors of 3188306462?
2, 11, 109, 1329569
List the prime factors of 1143328488.
2, 3, 47638687
What are the prime factors of 89327651?
7, 1447, 8819
List the prime factors of 324858136.
2, 40607267
List the prime factors of 2056277123.
2056277123
What are the prime factors of 3983016371?
7297, 545843
What are the prime factors of 26148009?
3, 19, 631, 727
What are the prime factors of 45217601?
11, 13, 181, 1747
What are the prime factors of 2703954258?
2, 3, 19, 29, 4783
What are the prime factors of 7863898250?
2, 5, 13, 17, 317, 449
List the prime factors of 39849025.
5, 863, 1847
List the prime factors of 291373850.
2, 5, 293, 19889
What are the prime factors of 2431850127?
3, 7, 79, 1465853
What are the prime factors of 889009720?
2, 5, 1009, 22027
What are the prime factors of 1267668398?
2, 131, 137, 35317
List the prime factors of 226492196.
2, 7, 8089007
What are the prime factors of 1971288931?
19, 103752049
List the prime factors of 5823332.
2, 1455833
List the prime factors of 136441400.
2, 5, 682207
What are the prime factors of 25447805?
5, 5089561
List the prime factors of 140624502.
2, 3, 23437417
What are the prime factors of 1754210833?
59, 29732387
List the prime factors of 42152540.
2, 5, 2107627
What are the prime factors of 297038109?
3, 37, 43, 62233
What are the prime factors of 962955272?
2, 61, 503, 3923
List the prime factors of 53912936.
2, 7, 11, 12503
What are the prime factors of 4509429765?
3, 5, 7039, 42709
What are the prime factors of 21292824?
2, 3, 7, 126743
List the prime factors of 89734210.
2, 5, 8973421
List the prime factors of 41096197.
317, 129641
What are the prime factors of 27834249?
3, 31, 37, 8089
List the prime factors of 120275512.
2, 7, 59, 617
List the prime factors of 3435288126.
2, 3, 31, 829, 22279
What are the prime factors of 2703849837?
3, 13, 41, 41243
List the prime factors of 91310693.
91310693
What are the prime factors of 37140388?
2, 113, 127, 647
What are the prime factors of 56132538?
2, 3, 7, 11, 17, 1021
What are the prime factors of 1045400364?
2, 3, 79, 122527
List the prime factors of 92440776.
2, 3, 19, 73, 2777
List the prime factors of 109366891.
3251, 33641
What are the prime factors of 293853046?
2, 146926523
What are the prime factors of 750028733?
61, 1483, 8291
What are the prime factors of 1736914643?
37, 1268747
List the prime factors of 110